ose z = 2*p - b. Calculate the remainder when p is divided by 11.
10
What is the remainder when 206 is divided by (-129)/(-86)*(-104)/(-6)?
24
Suppose 8 = y - 7. Let z(l) = l**2 + 36*l - 118. What is the remainder when z(-40) is divided by y?
12
Suppose -787*p = -763*p - 425 - 1951. Let d = 7 - -44. Calculate the remainder when p is divided by d.
48
Let y = 102 + -12. What is the remainder when y is divided by 34?
22
Let i = 0 - 16. Let c = i - -14. Calculate the remainder when 15 - c/(-2)*-1 is divided by 6.
4
Let b(s) = -2*s**3 + 123*s**2 - 63*s + 180. What is the remainder when 280 is divided by b(61)?
48
Let x = 80 + -76. Suppose 4*g = -2*l + 44, 3*g + 12 = 2*l - x. Calculate the remainder when 20 is divided by l.
6
Let y(u) = -11*u + 5. Suppose 42*x - 130 = 29*x. Calculate the remainder when y(-4) is divided by x.
9
Let k be (-1 + 5 - 4)*1/2. Suppose -n + 3 + 2 = 0. Suppose -h + n*u + 29 = 0, -h - 4*u + u - 11 = k. What is the remainder when h is divided by 1?
0
Suppose -w + 48 = -3*j - 2*j, 3*w = j + 214. Suppose -31 = 3*l - w. Calculate the remainder when 68 is divided by l.
12
Let n = 658 + -650. Suppose -2*u + 5 = -u. What is the remainder when n is divided by u?
3
Calculate the remainder when 143 is divided by (-48)/168 + (-80)/14 - -12.
5
Suppose 5*q = 5*w - 70, -3*w - q + 184 - 142 = 0. Let y(z) = 3*z - 5. What is the remainder when w is divided by y(5)?
4
Suppose 6*t - 18 = 3*t. Let c(f) = -1 + 2 - 3 + 3*f. What is the remainder when t is divided by c(2)?
2
Suppose -85 = -5*r - h - 0*h, 5*h = 0. Suppose r + 95 = -7*t. What is the remainder when (-3 - t)/(2/10) is divided by 17?
14
Suppose -4*k + 1118 = p, 0 = -k - 3*p - p + 287. Suppose -k = -33*w + 30*w. What is the remainder when w is divided by 19?
17
Let d(c) = -c**2 - 16*c + 22. Let m be d(-17). Suppose -o - 4*o - m*i + 115 = 0, -76 = -4*o + 4*i. Calculate the remainder when 78 is divided by o.
15
Calculate the remainder when (-7472)/(-112) - 2/(-7) is divided by 25.
17
Suppose -4*m + 4*q = -36, 4*q - 27 - 9 = -4*m. Calculate the remainder when 73 is divided by 6/(-27) - (-173)/m.
16
Let k(g) = g**3 - g**2 + 5*g - 14. Let t be k(6). Suppose 0 = -5*c + 654 + t. Calculate the remainder when 71 is divided by (-5)/((-25)/c) + 2.
35
Let k be 44/28 - (-3)/7. Suppose -k*y + 36 = 2*y. Let j(n) = n**3 - 9*n**2 + 4*n - 13. Calculate the remainder when j(y) is divided by 6.
5
Let l(x) = 78*x - 6. Let y be l(-16). What is the remainder when 13 is divided by y/(-176) - -1*2/(-16)?
6
Suppose -5*j = -3*l - 1, 2*l + 4*j = 6*j - 6. Let n = l - -25. What is the remainder when 33 is divided by n?
15
Suppose -99*w = -120*w + 819. What is the remainder when 193 is divided by w?
37
Let v = -80 - -181. Let s = v + -56. What is the remainder when 176 is divided by s?
41
Suppose 2*m = -m - 21. Let z = m + 11. Suppose -3 = -4*r + i, 3*i = 2*r - 0*r + 11. Calculate the remainder when z is divided by r.
0
Suppose 2485 = 38*d + 33*d. What is the remainder when d is divided by (-32)/(-2) + (-2 - -4)?
17
Let g(z) = 10*z. Let c be g(-4). Suppose 4*o + 64 = -l + 5*l, -4*o - 4*l - 96 = 0. Let i = o - c. Calculate the remainder when 78 is divided by i.
18
Let w = -30 - -68. Let b = -943 + 950. What is the remainder when w is divided by b?
3
Let u = 297 - 124. Let z = u - 128. Calculate the remainder when z is divided by 30.
15
Let n = -1401 - -1412. What is the remainder when 157 is divided by n?
3
Let m(j) = j**2 + 3*j - 56. Let c(s) = 2*s**2 - 8*s + 5. What is the remainder when m(10) is divided by c(5)?
14
Let o(y) = -y**2 - 7*y - 6. Let r be o(-4). Suppose r*w - 23 = 193. What is the remainder when w is divided by 13?
10
Let z = 56 - 29. Calculate the remainder when z is divided by -2 + 5 - (1 - 4).
3
Suppose 4 = 3*u + 19, -4*g = -4*u + 224. Let p = g - -83. What is the remainder when 49 is divided by p?
5
Let w = -8918 + 8991. Suppose 0 = 5*m - 0*m - 95. What is the remainder when w is divided by m?
16
Let n = 0 + 0. Suppose -2*t + 17 = v - 40, 3*t - v - 88 = n. Calculate the remainder when t is divided by (560/224)/((-2)/(-8)).
9
Let m = 40 + -37. Suppose m*s = -3*v + 69, -119 + 42 = -3*s + v. Calculate the remainder when s is divided by 7.
4
Let d = 204 - 181. Calculate the remainder when 204 is divided by d.
20
Let i(t) = 10*t + 2. Let n(j) = 1 + 4*j - j + 3*j - 7*j. Let c be n(-3). What is the remainder when i(c) is divided by 22?
20
Suppose 0 = -3*k - 55 + 19. Let o = 4 + k. Calculate the remainder when 3/12 + (-462)/o is divided by 30.
28
Suppose 10*n + 6*n - 1264 = 0. Suppose 0 = b - 5*b + 64. Calculate the remainder when n is divided by b.
15
Let t = 1666 + -1636. Calculate the remainder when t is divided by 25.
5
Let k(z) = -4*z - 11. Let s(h) = 5*h + 12. Let b(l) = 3*k(l) + 2*s(l). What is the remainder when (5 - 7)*(-18)/4 is divided by b(-7)?
4
Suppose -16*l = -12*l - 212. Calculate the remainder when l is divided by 31.
22
Let y(l) = -l**2 + 16*l + 3. Calculate the remainder when 16 is divided by y(16).
1
Let i(u) = 15*u**2 + 3*u - 3. Let a = 25 + -18. What is the remainder when i(1) is divided by a?
1
Suppose 0 = w - 6*w - 3*c + 100, 2*w - 40 = 2*c. Let l(n) = -16*n + 11*n + w*n - 3. Calculate the remainder when 78 is divided by l(2).
24
Let x = 684 - 540. What is the remainder when x is divided by 42?
18
Suppose 3*l = 6 + 9. Suppose -d + 54 = 5*t, 2*d - 102 = -d + l*t. What is the remainder when d is divided by 10?
9
What is the remainder when (-3 + (-111)/9)*(-36)/8 is divided by 18?
15
Suppose -2*k - 4 = -8. Let a(t) = -t**3 - 7*t**2 + 9*t + 19. Let s be a(-8). Let m(b) = 2*b - 21. Calculate the remainder when k is divided by m(s).
0
Let n = 260 - 241. Suppose -3*t - 16 = -2*r, 2*r - 9 = 5*t + 7. What is the remainder when n is divided by r?
3
Let o = 67 + -46. Calculate the remainder when o is divided by 6.
3
What is the remainder when 5 + -18*(-12)/(-18) + 75 is divided by 35?
33
Let s(g) = 15*g + 7. Let p be s(-21). Let o = p - -483. What is the remainder when o is divided by 45?
40
Suppose -4*y = -13 + 45. Let v(d) = -2*d - 11. Let z be v(y). Suppose -z*j - 75 = -260. What is the remainder when j is divided by 19?
18
Suppose -6*n = 9 - 99. What is the remainder when 29 + -8*3/6 is divided by n?
10
Let n = 6 - 1. Calculate the remainder when (-2)/(-2) + 0 + 32 is divided by n.
3
Suppose -6*i = -3*i - 183. Suppose 3*j + 13 = -3*g + i, 50 = 4*g - 3*j. What is the remainder when 41 is divided by g?
13
Let v = -21 - -23. Let z(u) = 9*u + 9*u**v - 21*u + 7*u + 2. Calculate the remainder when 109 is divided by z(2).
25
Let o be (12/36)/(1/9). Suppose 26 - 101 = -o*b. What is the remainder when 96 is divided by b?
21
Let t(o) = 3*o - 16. Let i be t(13). Let l = -16 + i. What is the remainder when 18 is divided by l?
4
Let q be (-7 - -1)*3/(-9). Suppose 47 = n + 2*n - 5*u, 0 = -u + q. What is the remainder when n is divided by (-5 - 365/(-75)) + (-154)/(-30)?
4
Suppose -4 = -v - 4*w, -5*v = 2*w - 0*w - 92. Calculate the remainder when v is divided by ((-4)/12)/(2/(-42)).
6
Let k be (-1340)/(-6) + 16/24. Suppose i - 5*i + k = 0. What is the remainder when i is divided by 4/(-10) + (-582)/(-30)?
18
Suppose 0 = 2*j + 3*f + 4, -5*j + 14 - 2 = 2*f. Let s = -30 + 43. Calculate the remainder when s is divided by j.
1
Let z = -1916 + 3621. What is the remainder when z is divided by 28?
25
Let x be 8/2*(-3)/6. What is the remainder when 135 is divided by (3 - 29/2)*x?
20
Suppose -5*w - 5*o = -11 - 219, -3*w + 5*o = -130. Calculate the remainder when w is divided by 32.
13
Suppose 31 - 13 = 2*p. What is the remainder when 250 is divided by p?
7
Let n = -529 + 606. What is the remainder when n is divided by 49?
28
Let q = 0 - 0. Let v(t) = t + 21. Calculate the remainder when (-695)/(-11) + -4 + (-24)/132 is divided by v(q).
17
Let z be (-17)/(-6) + 4/24. What is the remainder when 76 is divided by ((-60)/8)/(z/(-16))?
36
Suppose 3*j = -5*m + 260, 4*j - 40 = -m - 5. What is the remainder when 149 is divided by 2/(-10) - (-2101)/m?
35
Let p be (8/3)/(4/6). Suppose 0 = 2*t - p. Suppose -3*x = -2*o + 5, 13 = -5*o - x + 17. Calculate the remainder when t is divided by o.
0
Suppose 7*g = -5*l + 4388, 4*g - l + 885 = 3404. Calculate the remainder when g is divided by 35.
34
Suppose 10 + 12 = 11*x. Suppose